of 759855508?
True
Is 158 a factor of 3612672528?
True
Is 1006 a factor of 1291597364?
True
Does 13 divide 521929232?
False
Does 481 divide 78862836?
True
Does 29 divide 460881652?
False
Is 33531196 a multiple of 10?
False
Is 772395005 a multiple of 225?
False
Does 12 divide 6379118352?
True
Is 19436878 a multiple of 2038?
False
Is 211060944 a multiple of 36?
True
Is 8592735 a multiple of 85?
True
Is 17 a factor of 178535275?
True
Does 14 divide 11204410?
True
Is 8 a factor of 67868344?
True
Is 80565700 a multiple of 190?
True
Is 38229885 a multiple of 2?
False
Is 82 a factor of 2602524610?
True
Is 68 a factor of 14850588?
True
Is 305 a factor of 1401930284?
False
Is 485761230 a multiple of 1926?
False
Does 140 divide 8940260?
True
Is 365252436 a multiple of 232?
False
Is 707773750 a multiple of 170?
True
Is 36501586 a multiple of 118?
False
Is 119012892 a multiple of 2586?
True
Does 7 divide 392219321?
False
Does 633 divide 83519374?
False
Does 2040 divide 134323925?
False
Is 607230243 a multiple of 27?
True
Is 12 a factor of 419114?
False
Is 6 a factor of 1579364?
False
Does 61 divide 33344064?
True
Does 2705 divide 411284965?
False
Is 83 a factor of 250611694?
True
Does 77 divide 18151314?
False
Is 1445237 a multiple of 71?
False
Is 33 a factor of 235274712?
False
Is 70316042 a multiple of 47?
True
Does 79 divide 4162036?
True
Is 161701593 a multiple of 158?
False
Does 419 divide 1815245013?
True
Does 5 divide 53262825?
True
Is 25799994 a multiple of 19?
False
Is 2 a factor of 129393690?
True
Is 49323710 a multiple of 35?
False
Is 224403254 a multiple of 201?
False
Does 937 divide 498007067?
True
Is 121523039 a multiple of 16?
False
Is 434 a factor of 92941534?
True
Is 27 a factor of 3132711374?
False
Is 407497332 a multiple of 564?
True
Is 25766047 a multiple of 6?
False
Does 4398 divide 62672298?
False
Is 713515822 a multiple of 26?
False
Is 157 a factor of 74061453?
True
Is 154 a factor of 1296982302?
True
Is 78 a factor of 1841951754?
False
Is 27 a factor of 13012222?
False
Is 24395588 a multiple of 24?
False
Is 113 a factor of 145676436?
True
Does 5 divide 151894455?
True
Does 783 divide 17447929?
False
Does 140 divide 271059675?
False
Does 177 divide 5600559?
False
Is 2320 a factor of 52314787?
False
Does 62 divide 2439678391?
False
Does 39 divide 35741979?
True
Is 394986460 a multiple of 49?
False
Is 11121 a factor of 304593069?
True
Is 70663597 a multiple of 117?
False
Is 10025845 a multiple of 12?
False
Is 44699760 a multiple of 3430?
True
Is 195582580 a multiple of 95?
True
Is 1790 a factor of 16680064?
False
Does 24 divide 5861833?
False
Is 764 a factor of 511764636?
True
Does 44 divide 502395212?
True
Is 46 a factor of 95993056?
False
Is 44594472 a multiple of 12?
True
Does 1291 divide 85129831?
True
Is 15127248 a multiple of 498?
True
Does 1006 divide 13159486?
True
Does 4 divide 13561764?
True
Does 9 divide 14812542?
True
Does 6524 divide 460405204?
True
Is 8 a factor of 979200?
True
Is 3382589958 a multiple of 1661?
True
Is 1817626725 a multiple of 53?
False
Is 3408 a factor of 1165553040?
True
Is 19 a factor of 43009616?
True
Does 27 divide 2444768514?
True
Is 2689 a factor of 101098430?
False
Does 1198 divide 15563039?
False
Is 4550441 a multiple of 44?
False
Does 7 divide 326171014?
False
Is 22779264 a multiple of 16?
True
Does 3 divide 378270?
True
Is 1202155334 a multiple of 8?
False
Is 1720 a factor of 332826880?
True
Does 1286 divide 219619030?
False
Does 286 divide 981435598?
True
Does 71 divide 77777163?
True
Is 29 a factor of 11869787?
True
Is 1227037900 a multiple of 935?
True
Is 578168 a multiple of 4?
True
Is 26 a factor of 26605670?
True
Is 45541196 a multiple of 106?
False
Does 359 divide 30642284?
False
Is 5177693984 a multiple of 2645?
False
Is 31 a factor of 5745385?
True
Is 1464562260 a multiple of 4453?
False
Does 5 divide 52649130?
True
Is 9212476 a multiple of 7?
True
Is 47244834 a multiple of 33?
False
Does 1910 divide 54350960?
True
Does 99 divide 22380435?
True
Is 129267371 a multiple of 17?
True
Is 798378062 a multiple of 19?
True
Is 9827962 a multiple of 1277?
False
Is 111 a factor of 34057353?
True
Does 73 divide 760908?
False
Does 848 divide 37395104?
True
Is 1268877292 a multiple of 66?
False
Is 36986830 a multiple of 6?
False
Is 4 a factor of 9109668?
True
Is 36 a factor of 20448540?
True
Is 669186904 a multiple of 106?
True
Is 4 a factor of 171226125?
False
Is 58 a factor of 142552845?
False
Is 2301393150 a multiple of 30?
True
Does 101 divide 34527456?
True
Does 16 divide 265433288?
False
Is 667674 a multiple of 98?
True
Does 4 divide 133200660?
True
Does 22 divide 77418484?
True
Is 203412630 a multiple of 10?
True
Is 464 a factor of 3356233012?
False
Is 37606849 a multiple of 929?
True
Is 446979610 a multiple of 370?
True
Does 50 divide 2367440?
False
Is 13312 a factor of 4081419264?
True
Is 166208486 a multiple of 258?
False
Is 5 a factor of 1045037083?
False
Is 71 a factor of 158861009?
True
Is 15 a factor of 288097?
False
Is 123991062 a multiple of 2?
True
Is 4802 a factor of 1514033620?
False
Does 406 divide 312119777?
False
Does 458 divide 510157063?
False
Is 156050202 a multiple of 14?
True
Is 26 a factor of 3490718972?
True
Is 7 a factor of 72183265?
True
Is 8105178 a multiple of 501?
True
Does 29 divide 455018656?
False
Is 172 a factor of 467250730?
False
Does 14 divide 69674444?
True
Is 463305390 a multiple of 9?
False
Does 20 divide 2279760?
True
Is 542192560 a multiple of 112?
True
Is 160763623 a multiple of 75?
False
Is 104704 a multiple of 64?
True
Is 89839537 a multiple of 29?
False
Is 22 a factor of 9681562?
True
Is 1465338932 a multiple of 12?
False
Is 96515355 a multiple of 21?
False
Is 1981 a factor of 2387849856?
True
Is 38735086 a multiple of 2456?
False
Is 29 a factor of 105946066?
False
Is 120334068 a multiple of 2335?
False
Is 2189984489 a multiple of 289?
True
Is 296922316 a multiple of 458?
True
Does 213 divide 2361682?
False
Does 1176 divide 188038705?
False
Is 16487018 a multiple of 10?
False
Does 215 divide 341279175?
True
Is 890 a factor of 17602155?
False
Is 144014664 a multiple of 12?
True
Is 864787099 a multiple of 11?
True
Does 12 divide 1516468140?
True
Does 135 divide 536956155?
True
Is 912 a factor of 147676764?
False
Does 31 divide 524559556?
True
Does 740 divide 407248640?
True
Is 503021260 a multiple of 98?
True
Is 31003030 a multiple of 2850?
False
Is 29691947 a multiple of 2485?
False
Is 469926779 a multiple of 12?
False
Is 185 a factor of 18864717?
False
Is 2061 a factor of 261862416?
True
Does 81 divide 37485909?
True
Is 153 a factor of 373215441?
False
Is 303698103 a multiple of 9?
False
Is 3 a factor of 12637749?
True
Does 2 divide 14148813?
False
Does 2468 divide 81129116?
False
Is 9890020 a multiple of 230?
False
Is 328 a factor of 3301790024?
True
Is 11760785 a multiple of 523?
False
Is 28 a factor of 51577926?
False
Is 7 a factor of 27548169?
False
Does 12 divide 136723036?
False
Is 2422 a factor of 262071529?
False
Does 829 divide 779250122?
False
Does 133 divide 851317306?
True
Is 670609288 a multiple of 75?
False
Is 14 a factor of 8838090604?
True
Is 1177 a factor of 116686465?
False
Is 3671915867 a multiple of 1858?
False
Is 1666 a factor of 77157044?
False
Is 256103712 a multiple of 46?
True
Is 877 a factor of 1342316183?
False
Is 159 a factor of 1302438553?
False
Is 6012000 a multiple of 12?
True
Is 123566639 a multiple of 35?
False
Is 258287672 a multiple of 77?
False
Does 12 divide 9192336?
True
Is 1438 a factor of 66524756?
True
Is 248 a factor of 7161000?
True
Is 329 a factor of 38368638?
True
Is 763 a factor of 1572083674?
True
Does 671 divide 4156006?
False
Is 1534 a factor of 58266950?
False
Is 986827989 a multiple of 20?
False
Does 25 divide 38085775?
True
Is 17102500 a multiple of 125?
True
Does 10 divide 47309274?
False
Is 148999427 a multiple of 165?
False
Does 38 divide 2217177450?
True
Is 378305534 a multiple of 83?
True
Does 50 divide 107818500?
True
Is 553 a factor of 1015021017?
False
Is 1593659 a multiple of 279?
False
Does 17 divide 4827660?
True
Is 527 a factor of 186825122?
False
Is 9 a factor of 327393252?
True
Does 13 divide 19697397?
False
Is 279337430 a multiple of 710?
True
Is 124151328 a multiple of 252?
Tru